2*y - 3*y = m. List the prime factors of ((-1)/(4/108))/y.
3
Suppose 0 = -2*x - 146 + 378. Suppose x = -2*l - 4*z, 5*z = -5*l - 3 - 272. Let o = l + 87. List the prime factors of o.
5, 7
What are the prime factors of -169*(8 + -9) - -8?
3, 59
Let c(v) = -3*v**2 - 152*v + 16. What are the prime factors of c(-41)?
5, 241
Suppose 3*v = -m + 1532, 3*m - 3*v - 2947 - 1685 = 0. What are the prime factors of m?
23, 67
Suppose -4*q - 2*u + 10 = 0, 4*q + 5*u - 25 = -0*q. Let o(h) = h. Let a be o(q). Suppose -2*b + 3*x = -22, a = b - 0*b + x - 16. List the prime factors of b.
2, 7
Suppose 3*s - 3 = -9. Let x(z) = 2*z**2 + 4*z + 5. Let n be x(s). Suppose 9 = -o + n*t + 29, 2*o - t = 49. List the prime factors of o.
5
Let m be (-42)/(-6) + 1*-3. What are the prime factors of (-2)/m*(-18 - -10)?
2
Let u = 7 - 2. Suppose -5*z - 23 = -2*h + 47, -u*h = -5*z - 190. Suppose h = 8*s - 136. What are the prime factors of s?
2, 11
Let d(w) = 3*w**3 + 14*w**2 - 15*w + 2. Let l(n) = -7*n**3 - 29*n**2 + 31*n - 4. Let j(k) = 5*d(k) + 2*l(k). What are the prime factors of j(-12)?
2, 79
Let d = 364 + 1820. List the prime factors of d.
2, 3, 7, 13
Let f be (-13)/(-4) + 7/(-28). Suppose -2*k = -4*b + 20, 3*b + 2*k - f*k = 15. Let q(u) = u**2 - 4*u + 1. What are the prime factors of q(b)?
2, 3
Let h(m) = m**2 - 15*m - 18. Let f be h(16). Let k be f/(4 + 2)*3. Let p(a) = 51*a**2 - a + 1. List the prime factors of p(k).
53
Let i(w) = 54*w + 7. Let n be i(5). Suppose 2*g + 2*r = r + 109, -5*g = 4*r - n. What are the prime factors of g?
53
Suppose 3*w = -2 - 1. Let t(f) = -15*f + 1. Let q be t(w). Suppose 4*x - 48 = q. What are the prime factors of x?
2
Let v(n) = n**3 - 4*n - 6. Let z be v(4). Let l = z + -38. Suppose 0 = u - l*u + 165. What are the prime factors of u?
5, 11
Suppose -d - 20 + 3 = -4*w, -31 = -2*w + 5*d. Suppose 3*x - 38 = -x - 3*g, -w*x + g = -22. List the prime factors of (-2)/x*-4*58.
2, 29
Suppose 4*u = 9 + 7. Let k = 9 + -4. Suppose -k*a = -u*p - p + 140, 4*p = -a + 102. What are the prime factors of p?
2, 13
What are the prime factors of (2/6)/((-105)/(-1409940))?
2, 3, 373
Let n(t) = -7*t**2 + t**3 - 13 - 10*t + t - 6*t**2 + 4*t**2. Let s be n(10). What are the prime factors of -2 - (-7 - s) - -18?
2, 5
Let b(z) = z**2 - 5*z. Let l(s) = -s**2 + 4*s + 1. Let f(m) = -2*b(m) - 3*l(m). Let q be f(3). Suppose 3*o + 5 - 26 = q. List the prime factors of o.
7
Let i(x) = 2*x - 8. Let w be i(6). Suppose 4*o - w = 68. Let n = 29 - o. List the prime factors of n.
11
Suppose -7*m = -4*m - 6. Let k(w) = m*w - 5*w - 1 + 0. What are the prime factors of k(-10)?
29
What are the prime factors of (-9)/(-27) - 4618/(-6)?
2, 5, 7, 11
Let q(y) = -y**3 + 23*y**2 + 18*y + 57. List the prime factors of q(14).
3, 691
Let q(t) = -t - 4. Let n be q(-4). Suppose n = -2*s - 0*x - 2*x + 56, 3*s - 4*x - 119 = 0. Suppose y + 0*y - s = 0. What are the prime factors of y?
3, 11
Let h(u) = 2*u - 1. Let l be h(26). Let v = l - -29. What are the prime factors of v?
2, 5
Let k(a) = 12*a**2 - 5*a - 9. What are the prime factors of k(7)?
2, 17
Let h(c) = 7*c**2 + 19*c + 25. Let f be h(-6). Let u = f + -35. List the prime factors of u.
2
Let g = -16 + 16. What are the prime factors of (0 + g + -2)*-11*1?
2, 11
Let o(v) = 61*v**2 - 72*v + 11. List the prime factors of o(-6).
7, 13, 29
Let i(m) = -4*m - 6 + 5 + 9 - m. What are the prime factors of i(-3)?
23
Suppose -3*j = 2*j - 1225. Let d be (-8)/36 + j/9. Suppose 2*h - 25 = d. What are the prime factors of h?
2, 13
Let g be 0*(-2 - (-7 + 4)). Let j = -2 - g. List the prime factors of 31 - (j - (-4 + 0)).
29
Suppose -2 = -3*u - m - 0, m - 2 = 3*u. Suppose -6*a - 3*q + 350 = -a, -4*q + 20 = u. Let z = a - 12. List the prime factors of z.
5, 11
Suppose 17 - 23 = -3*x. Let m(b) = 22*b - 1. Let r be m(1). Suppose -9 = -x*a + r. List the prime factors of a.
3, 5
Let n = 971 - 312. What are the prime factors of n?
659
Let o be (-3 - -6)/((-6)/4). List the prime factors of 12/(1 - o) - -39.
43
Suppose 14*t - 1 = 15*t, 3*t = -q + 3623. List the prime factors of q.
2, 7, 37
Let v be 3*((-12)/5 + 0)*5. Let i = v + 93. List the prime factors of i.
3, 19
List the prime factors of (-6)/((-36)/30)*195.
3, 5, 13
Suppose -2 = v - 3*v - 4*a, 0 = -4*v + 2*a + 24. Let f(s) = 3*s**3 + 7 - 4*s**3 + 9*s**2 - 4*s - 3*s**2. What are the prime factors of f(v)?
2, 3
Let d = 18 + -16. Let r(b) = -131*b**3 + 28 + b**d - 2*b**2 + 130*b**3. What are the prime factors of r(0)?
2, 7
Suppose -3 = -q - 1. Suppose 15 = 3*k, q*t = -3*k + 8 + 13. Suppose -t*u + 112 = 4*u. What are the prime factors of u?
2
Let k = 5 + -1. Let v be (-20)/(-3)*6/k. Suppose 5*w + 2*n - 159 = -25, -5*n = -v. List the prime factors of w.
2, 13
Let s = -3 - -7. Suppose s*p = -3*c + c + 12, -5*p + 5*c + 45 = 0. What are the prime factors of p?
5
Suppose 4*z = 5*j - 56, 0*j + 16 = 4*j. List the prime factors of 1/((z/(-201))/3).
67
Let i(c) = 10*c + 16. Let d = 12 + -1. List the prime factors of i(d).
2, 3, 7
Let c be -4 - (0 + -2*7). Let k = 34 - c. What are the prime factors of k?
2, 3
Let k(j) = -j - 4. Let u(d) = -d - 1. Let m(f) = -k(f) + 2*u(f). Let q be m(0). List the prime factors of 18/(-18) + 8*q.
3, 5
Let h(p) = 103*p**3 - 3*p**2 - 3*p + 4. List the prime factors of h(2).
2, 3, 5
Suppose 679 = 5*f + 4*i, 4*i + 0 - 4 = 0. Let r = -13 + f. List the prime factors of r.
2, 61
Suppose 4*j + 0*j = -52. Let n(t) = -t**2 - 14*t - 11. Let w be n(j). Suppose 22 = -w*s + 3*s. List the prime factors of s.
2, 11
Suppose 4*d - 18 = -2*d. Suppose -3*i - 12 = 0, -d*i - 2 = -0*q + 5*q. Suppose 153 = t + q*t. What are the prime factors of t?
3, 17
Let l(g) = -g**2 - g - 1. Let z be l(-2). Let n = 26 - 30. What are the prime factors of z - (-24 + (-4)/n)?
2, 5
Suppose 5*n - 44 = -3*h + 27, 0 = 3*h - 3*n - 39. Let l = h - -124. List the prime factors of l.
3, 47
Let x(y) = 2*y**2 - 8*y + 9. Let o = -7 - -14. List the prime factors of x(o).
3, 17
Suppose 4*r = 367 + 869. List the prime factors of r.
3, 103
Let q be (2 + 0)*-1 - -3. Let g be (-19 + q)/(3/12). What are the prime factors of (5/3)/((-4)/g)?
2, 3, 5
Let k = 1527 - 2693. List the prime factors of 50/125 - k/10.
3, 13
Suppose -241 = i - 10. Let n = i - -324. List the prime factors of n.
3, 31
Suppose -10*n + 3891 = -5629. List the prime factors of n.
2, 7, 17
Let a = -22 + 7. What are the prime factors of (9/(-15))/1*a?
3
List the prime factors of -17972*(63/(-12) + (-15)/(-3)).
4493
Suppose -5*p + 12*p = -294. Let n = 64 + p. List the prime factors of n.
2, 11
Suppose -2*l + 690 = 5*j, j + 14 = l + 159. Let v = 208 - j. List the prime factors of v.
2, 17
Suppose -5*l + 2*v = -231, 3*l - 4*v = -8*v + 123. List the prime factors of l.
3, 5
Let v(r) = 42*r - 7. Let b be v(8). Suppose 3*k - 2*q = -2*k + b, 3*q + 192 = 3*k. What are the prime factors of k?
67
Suppose 5193 = 4*i - 5*f, 1 - 5203 = -4*i + 2*f. List the prime factors of i.
2, 3, 7, 31
Suppose 0 = -v - 3*v + 2056. Suppose 5*q - v = -149. What are the prime factors of q?
73
Let s(n) = -2*n**2 + 11*n + 6. Let y(t) = 10*t**2 - 56*t - 30. Let u = 18 - 34. Let q(f) = u*s(f) - 3*y(f). What are the prime factors of q(6)?
2, 3
Suppose 0 = 4*q - 11 - 9. Suppose q*y + 5*u - 86 = 3*u, 3*u = 3*y - 39. What are the prime factors of y?
2
Let g(h) = 51*h**2 - 3*h - 10. Let f be g(-3). Suppose -f = -8*u + 182. What are the prime factors of u?
2, 5
Let d(j) = 2*j + 11. Let p(v) = v + 5. Let h(a) = 3*d(a) - 5*p(a). Let w(z) = z**3 - 9*z**2 + 9*z - 2. Let b be w(8). What are the prime factors of h(b)?
2, 7
Let v(s) = -3*s**3 + 18*s**2 - 21*s + 15. Let m(k) = -k**3 - k. Let d(b) = 2*m(b) - v(b). List the prime factors of d(17).
19
Let t(v) = 5*v**2 - 28*v + 178. List the prime factors of t(12).
2, 281
What are the prime factors of (-9)/(243/(-6)) + (-7257)/(-27)?
269
Let y(l) = l**3 + 8*l**2 + 4*l - 1. List the prime factors of y(6).
17, 31
Let u(w) = 5*w - 13. Let a(t) = t - 1. Let b(p) = 6*a(p) - u(p). Let s be b(-5). Suppose s*r - 28 = 3*d, -3*d + 60 + 10 = 5*r. List the prime factors of r.
2, 7
Suppose -2*k - 8 = -b, k + 4 = -k + 2*b. Let r(q) = 2*q - 14. Let f(a) = -1. Let w(i) = 36*f(i) - 2*r(i). List the prime factors of w(k).
2
Let g be (-1)/18*202 - 4/(-18). Let d(a) = a**2 + 4*a + 22. List the prime fac